
Let u(f) = f**2 + 0 - 4 - 3 - 3*f. Let a = -21 + 15. Let l(i) = -i**3 - 6*i**2 - 2*i - 7. Let h be l(a). Give u(h).
3
Let t be (-207)/(-45) - 2/(-5). Let k(m) = -m**2 + 3*m + 3. Calculate k(t).
-7
Let u(x) = -2*x**2 - x - 1. Let o be u(1). Let f be 132/(-28) - o/(-14). Let h(r) = -r**2 - 4*r - 5. Give h(f).
-10
Let b(z) = 2*z**3 + z**2 - z + 8. Let j(l) = -6*l**3 - 3*l**2 + 3*l - 23. Let h(v) = 17*b(v) + 6*j(v). Determine h(-2).
8
Suppose 4*z = -16, -i - 2*z + 12 = 3*i. Let a(b) = 2 + 0*b**3 + 6*b**2 + b**3 + 7*b + i. Give a(-5).
-3
Let p(r) = 5*r + 1. Let b(f) = 10*f + 2. Let s(a) = -3*b(a) + 7*p(a). Suppose 2*v - 3*w = 23, -5*w = 4*v + v + 5. Let o be (-2)/3*(-6)/v. Give s(o).
6
Let h(o) = o**2 + 7 - 8*o**2 - o**3 - 1 - 4*o. What is h(-6)?
-6
Let c(g) = 1 + 3*g - 2 + 1336*g**2 - 1337*g**2. What is c(2)?
1
Let z(x) be the second derivative of x - 5/2*x**2 + 0 + 1/2*x**3. Suppose -16 = -4*m - 4*w - w, 3*m = -4*w + 12. Calculate z(m).
7
Let k(j) = -5*j + 7. Let s(r) = -2*r + 3. Let l(i) = 4*k(i) - 9*s(i). Give l(3).
-5
Let a(c) be the second derivative of c**4/12 - c**3/2 - 7*c**2/2 + 23*c. Determine a(5).
3
Let d(m) = 2*m**2 + m - 1. Suppose 3*h + h - 8 = 2*f, 4*f = 2*h - 16. Let t(l) = -l**3 - 5*l**2 - 4*l + 1. Let j be t(f). Determine d(j).
2
Suppose 0 = -3*v + 4*v + 5*b - 14, -2*b - 4 = -2*v. Let c(r) be the second derivative of r**4/12 - r**3/2 - 3*r**2/2 + r. Calculate c(v).
1
Let u = 0 - -3. Let x(b) = -b**2 - b - 1. Let i(m) = m**2 - 2*m + 1. Let f(d) = i(d) + 2*x(d). Let g(p) be the first derivative of f(p). Determine g(u).
-10
Let q be ((-24)/18)/(2/(-3)). Let g(a) = -a - 3*a**2 - 2*a - a**2 - a**3 + q*a. Give g(-3).
-6
Let x = 13 - 8. Let h be (4/(-6))/(4/(-18)). Suppose -x*a - 4 = -h*a. Let v(p) = -p**2 - 3*p - 2. Determine v(a).
0
Let s = 39 - 38. Let b(c) = c**2 - 7*c + 4. Let y be b(6). Let p be (s - 3)*(y + 3). Let q(d) = d**3 + 2*d**2 + 2*d + 1. Calculate q(p).
-3
Let m(d) = -d**3 + d**2 - d - 2. Let c be m(0). Let v(r) = r**3 - 3*r**2 - 4*r - 2. Determine v(c).
-14
Let c(z) = 2*z**3 - 4*z**2 - 4*z + 3. Let h(b) = -b**2 - 3*b + 5. Let p be h(-4). Let g(x) = x**3 - x**2 - x + 1. Let f(i) = p*g(i) - c(i). What is f(3)?
7
Suppose -l + b - 14 = -3*l, 5*l - 3*b - 13 = 0. Let g(z) = -z**3 + 5*z**2 + z + 5. What is g(l)?
10
Let k(y) = -2*y**2 + 10*y - 4. Let j be k(4). Let r(z) = 3*z - 5. Calculate r(j).
7
Let y(w) = -2*w + 32. Let s(g) = 5 - 16 + g + 0. Let t(v) = -8*s(v) - 3*y(v). Determine t(-6).
4
Let k be (0 - 1)/((-1)/3). Suppose -j + 4*h = 2, -4*j + k*h - 1 = -3*j. Let n(a) = j*a + a - 4*a - 1. What is n(0)?
-1
Let t(k) = 3*k + 3. Let p(c) = 7*c + 7. Let j(i) = -6*p(i) + 13*t(i). Let b(a) = a**3 - a**2. Let d = 2 - 3. Let h be b(d). Give j(h).
3
Let f = -7 - -6. Let w(p) be the second derivative of -p**5/10 + p**4/6 + p**3/3 + p**2/2 - p. Give w(f).
3
Let z be (-2)/(-4)*(-4 - -4). Let c = -4 - z. Let n(k) = -k**2 - 4*k + 2. Determine n(c).
2
Let g(t) = -t**2 + 4*t + 4 + 4*t + 0*t - 3*t. Calculate g(6).
-2
Let j(a) be the second derivative of a**3/3 - 2*a**2 - 3*a. Give j(4).
4
Suppose f - 3*x = 3, 3*f - 5 = -4*x + 4. Let a(c) = -2 + 0*c**3 - 1 - 4*c**f + 2 + 2*c**2. Calculate a(1).
-3
Let p(v) = -2*v + 5. Let q(x) = 1. Let r(b) = -p(b) - 2*q(b). Calculate r(5).
3
Let d be 24/(-18)*(-6)/4. Let h(x) = -2 + 1 - x**3 + 3*x**3 - 2*x**2. What is h(d)?
7
Let g(k) = -2*k + 9. Let j be g(4). Let x be 2*-1*6/(-4). Let a(z) = z**3 + 3*z**2 - z + 2*z**x + j - 4*z**3. What is a(3)?
-2
Let v(h) = -9*h**3 - 7*h**2 - 5*h - 8. Let x(g) = 5*g**3 + 3*g**2 + 2*g + 4. Let p(b) = -4*v(b) - 7*x(b). Give p(-6).
4
Let m(l) = -l + 5. Let j = -43 + 47. What is m(j)?
1
Let d = -154 + 150. Let x(w) = -1 + 0*w**2 + 0*w**2 - w**2 - w. Give x(d).
-13
Let t be (1 + (2 - 2))*8. Suppose -8*f + 6*f - t = 0. Let h(a) be the second derivative of -a**5/20 - a**4/3 + a**3/6 + a**2/2 - a. What is h(f)?
-3
Let b(w) = 3*w - 3. Let u(c) = -c + 1. Let t(h) = 40*h - 40. Let q(n) = t(n) + 24*u(n). Let l(s) = 11*b(s) - 2*q(s). Let p = -4 - -7. Determine l(p).
2
Let i be 0*(2/(-4))/(-1). Suppose 5*a - 5 = 2*z, i = 4*a + z - 4. Let f(u) = 15*u + 20. Let b(n) = 5*n + 7. Let j(x) = 17*b(x) - 6*f(x). What is j(a)?
-6
Let i(p) = 3*p**2 - 2*p + 8. Let g(m) = 2*m**2 - m + 7. Let f(z) = -5*g(z) + 4*i(z). Determine f(3).
6
Let j(c) be the third derivative of c**6/120 - c**5/20 + c**4/12 + 6*c**2. Give j(2).
0
Suppose -2*k - y + 8 = 0, 4*k + 3 - 35 = 2*y. Let v(u) = u**2 - 6*u - 6. What is v(k)?
-6
Let w(k) = 0*k**2 - k**2 + 21*k + 0*k**2 - 22*k. What is w(-1)?
0
Let a(u) = u**2 - u - 5. Let h(n) = -2*n**2 + 3*n + 10. Let y(o) = -13*a(o) - 6*h(o). Suppose -c + 3*r = 14, 5*c = 2*r + 1 - 32. What is y(c)?
5
Let h(t) = 3*t**2 + 23*t - 4. Let u(m) = m**2 + 8*m - 1. Let z(x) = -4*h(x) + 11*u(x). Suppose 2 - 17 = 3*b. Give z(b).
0
Suppose -3*p + 3*w = -0*w - 15, 9 = 5*p + 3*w. Let k = 4 + -2. Let q(u) = 0 - 2*u**k + p*u**2 - 1 + 3*u - 3. What is q(-4)?
0
Let r(q) = q - 60. Let d(z) = -12. Let t(a) = 11*d(a) - 2*r(a). Let u be t(-8). Let c(b) = 4*b**2 - 2*b**2 + 2 - 1 - 4*b**3 - u*b**2. What is c(-1)?
3
Let x(b) be the third derivative of -5*b**4/24 + b**3/6 + 7*b**2. Give x(2).
-9
Suppose -3 = -2*u - 5. Let x(q) = -15*q**2 - 5*q + 43. Let j(c) = -14*c**2 - 4*c + 36. Let t(g) = -6*j(g) + 5*x(g). Give t(u).
9
Suppose 0 = -8*g - 2 - 78. Let u(o) = o**3 + 10*o**2 + o + 14. Determine u(g).
4
Let g(o) = -o + 2. Let l be (10/4)/(-3 + (-28)/(-8)). Calculate g(l).
-3
Let q = 5 - 6. Let s be (q - (-4)/2)/1. Let v(u) = -u**2 + 1. Give v(s).
0
Let k(u) be the third derivative of u**5/60 + u**3/6 + 4*u**2. Determine k(4).
17
Suppose 0 = p - 3. Let s be p + 0 - -1*2. Let j(u) = 2*u - 2. What is j(s)?
8
Let g(j) = j**3 - 6*j**2. Suppose 4*r + 2*s = 2, 0 = -2*r - 0*s + 3*s + 5. Let y = 5 + r. Determine g(y).
0
Suppose 4*u + 28 - 4 = 0. Let m = 8 + u. Let j(r) = 4*r - 1. Give j(m).
7
Let r = 80 + -479/6. Let x(b) be the third derivative of -r*b**4 - 5/6*b**3 + 0*b - 2*b**2 + 1/60*b**5 + 0. Give x(5).
0
Let h(i) = 4*i - 6*i - 4 + 4. Determine h(-3).
6
Let o(r) = 6*r**3 - 2*r**2 + 1. Suppose 4*u + 3*u = -7. Calculate o(u).
-7
Let o be -10*1/(-2)*1. Let p(v) be the first derivative of v**2/2 - v + 2. Let n(l) = 8*l + 1. Let x(s) = o*p(s) - n(s). Give x(-5).
9
Let s(l) = 2*l**3 + 7*l**2. Let f(t) = 3*t**3 + 13*t**2 + t + 1. Let x(a) = 3*f(a) - 5*s(a). Suppose 5*n - 4*p - 9 = 0, 3*p - 6*p = -12. Give x(n).
-7
Let f(b) = -3 - 13*b + 18*b + 6. Calculate f(-3).
-12
Let o(v) = -v**2 + 5 - 5 + v. Let h(z) be the first derivative of -z**4/4 - 7*z**3/3 + 4*z**2 - 5*z - 2. Let r(i) = -h(i) + 3*o(i). Give r(-5).
5
Suppose 0 = -3*l, -3*k - 2*l + 60 = -6*l. Suppose -k = -4*t - 0*t. Let g(v) = v + 4. What is g(t)?
9
Let g = 0 + 1. Let c(f) = 6*f + 1. Let r(k) = 6*k + 1. Let j(p) = 2*c(p) - 3*r(p). Determine j(g).
-7
Let s be (-12)/(-20) + (-28)/5. Let i = 7 + s. Let q(w) = 4 - 1 + w**2 - 2*w - 4. What is q(i)?
-1
Let w(b) = 11*b - 8*b + 12*b**2 + b**3 - 5*b**2. What is w(-3)?
27
Let a be (8/(-20))/((-1)/35). Let c be (-38)/a - (-4)/(-14). Let g(m) = 6*m**2 - m - 3. Let t(w) = -5*w**2 + 2. Let h(l) = 4*g(l) + 5*t(l). What is h(c)?
1
Let y(b) = b - 5. Let g be y(4). Let n(z) be the second derivative of -z + 1/6*z**3 + 0 - 1/6*z**4 + 0*z**2. Determine n(g).
-3
Let y(t) be the second derivative of 7*t**3/6 + 2*t**2 - t. Calculate y(-3).
-17
Let l(a) = 4*a + 4. Let d(r) = -9*r - 8. Let u(h) = -6*d(h) - 14*l(h). What is u(-9)?
10
Let k(j) = -j + 2. Suppose 0 = 4*g - 3*g. Suppose -3*p = i - 1, i + p + p = g. Let m be 3 + (5 + i - 0). Give k(m).
-4
Let g be ((-111)/(-37))/(1 + 11/(-8)). Let o(v) = v**3 + 8*v**2 - v - 7. Determine o(g).
1
Let a = 4 + 0. Suppose -a*n = n - 20. Let o(s) = 7*s - n*s - 3 - 4. Give o(5).
8
Let t(x) = 60*x**3 + x - 122*x**3 - 2 + x**2 + 63*x**3. Determine t(2).
12
Let h(d) = -76*d**2 - d**3 + 4*d + 8 + 82*d**2 - 5*d. What is h(6)?
2
Let x(n) = -3*n**2 - 2 + 2*n**2 + 1 - 2*n. Suppose 0 - 9 = 3*w. Calculate x(w).
-4
Let h = -5 - -12. Let g(k) = -k - 1 + 3 + h*k - 2*k. Calculate g(2).
10
Let v(y) = y + 12. Let c = -1 + 1. Let h be (4/(-10))/((-2)/50). Suppose -2*l + c*l - h = 0. What is v(l)?
7
Let n(j) = 12*j + 3. Let z be 4 - 8 - (-1 - 1). Give n(z).
-21
Let h(t) = -t - 3. Suppose 0*n - n = 2*x + 14, 